he tens digit of 1340?
4
What is the thousands digit of 2528?
2
What is the thousands digit of 1300?
1
What is the ten thousands digit of 22107?
2
What is the units digit of 2421?
1
What is the units digit of 719?
9
What is the units digit of 84319?
9
What is the hundreds digit of 1186?
1
What is the ten thousands digit of 139837?
3
What is the units digit of 7280?
0
What is the hundreds digit of 22699?
6
What is the thousands digit of 2244?
2
What is the units digit of 10805?
5
What is the hundreds digit of 181?
1
What is the tens digit of 5302?
0
What is the hundreds digit of 117308?
3
What is the units digit of 97?
7
What is the tens digit of 898?
9
What is the tens digit of 36710?
1
What is the thousands digit of 1497?
1
What is the tens digit of 46673?
7
What is the units digit of 9362?
2
What is the units digit of 56799?
9
What is the hundreds digit of 28730?
7
What is the tens digit of 165549?
4
What is the tens digit of 1470?
7
What is the hundreds digit of 89217?
2
What is the thousands digit of 31742?
1
What is the hundreds digit of 31292?
2
What is the tens digit of 2876?
7
What is the tens digit of 33233?
3
What is the tens digit of 1159?
5
What is the thousands digit of 2283?
2
What is the units digit of 998?
8
What is the ten thousands digit of 18547?
1
What is the units digit of 11003?
3
What is the hundreds digit of 1200?
2
What is the hundreds digit of 2561?
5
What is the thousands digit of 7623?
7
What is the units digit of 3101?
1
What is the hundreds digit of 739?
7
What is the thousands digit of 46129?
6
What is the units digit of 8119?
9
What is the ten thousands digit of 113530?
1
What is the tens digit of 62267?
6
What is the units digit of 2475?
5
What is the tens digit of 138574?
7
What is the tens digit of 46868?
6
What is the hundreds digit of 456?
4
What is the tens digit of 1456?
5
What is the units digit of 9846?
6
What is the hundreds digit of 170074?
0
What is the hundreds digit of 22458?
4
What is the ten thousands digit of 55791?
5
What is the tens digit of 1422?
2
What is the units digit of 69292?
2
What is the hundreds digit of 8935?
9
What is the hundreds digit of 1738?
7
What is the units digit of 11941?
1
What is the hundreds digit of 1114?
1
What is the units digit of 788?
8
What is the units digit of 11349?
9
What is the ten thousands digit of 95724?
9
What is the units digit of 4465?
5
What is the units digit of 26355?
5
What is the tens digit of 9287?
8
What is the units digit of 47396?
6
What is the hundreds digit of 995?
9
What is the hundreds digit of 7157?
1
What is the units digit of 15848?
8
What is the tens digit of 960?
6
What is the tens digit of 37969?
6
What is the hundreds digit of 492?
4
What is the thousands digit of 80636?
0
What is the tens digit of 80988?
8
What is the units digit of 98702?
2
What is the hundreds digit of 810?
8
What is the thousands digit of 47655?
7
What is the ten thousands digit of 16034?
1
What is the thousands digit of 4109?
4
What is the thousands digit of 1167?
1
What is the tens digit of 15370?
7
What is the tens digit of 2866?
6
What is the tens digit of 49011?
1
What is the thousands digit of 4160?
4
What is the units digit of 136408?
8
What is the tens digit of 761?
6
What is the thousands digit of 3228?
3
What is the hundreds digit of 12858?
8
What is the units digit of 1701?
1
What is the tens digit of 18783?
8
What is the tens digit of 152?
5
What is the thousands digit of 6504?
6
What is the units digit of 4665?
5
What is the tens digit of 571?
7
What is the hundreds digit of 176970?
9
What is the hundreds digit of 88294?
2
What is the tens digit of 59877?
7
What is the thousands digit of 87247?
7
What is the units digit of 207?
7
What is the units digit of 586?
6
What is the tens digit of 69547?
4
What is the units digit of 410?
0
What is the hundreds digit of 37552?
5
What is the units digit of 25358?
8
What is the hundreds digit of 47007?
0
What is the units digit of 14807?
7
What is the units digit of 86821?
1
What is the hundreds digit of 20772?
7
What is the hundreds digit of 702?
7
What is the hundreds digit of 5013?
0
What is the hundreds digit of 34592?
5
What is the units digit of 98427?
7
What is the tens digit of 795?
9
What is the units digit of 4276?
6
What is the tens digit of 2839?
3
What is the hundreds digit of 10881?
8
What is the hundreds digit of 543?
5
What is the tens digit of 21779?
7
What is the ten thousands digit of 11658?
1
What is the hundreds digit of 12554?
5
What is the units digit of 2006?
6
What is the tens digit of 2025?
2
What is the units digit of 1371?
1
What is the hundreds digit of 386?
3
What is the tens digit of 21149?
4
What is the units digit of 408?
8
What is the thousands digit of 29969?
9
What is the hundreds digit of 8246?
2
What is the thousands digit of 15699?
5
What is the hundreds digit of 5108?
1
What is the ten thousands digit of 98049?
9
What is the hundreds digit of 555?
5
What is the thousands digit of 62682?
2
What is the units digit of 8969?
9
What is the tens digit of 31007?
0
What is the tens digit of 10679?
7
What is the thousands digit of 72286?
2
What is the thousands digit of 2910?
2
What is the tens digit of 478?
7
What is the hundreds digit of 561?
5
What is the hundreds digit of 79639?
6
What is the ten thousands digit of 25900?
2
What is the units digit of 91?
1
What is the hundreds digit of 11490?
4
What is the units digit of 2911?
1
What is the units digit of 1556?
6
What is the thousands digit of 2240?
2
What is the hundreds digit of 741?
7
What is the thousands digit of 4846?
4
What is the tens digit of 7352?
5
What is the tens digit of 3123?
2
What is the units digit of 1675?
5
What is the hundreds digit of 8615?
6
What is the units digit of 59223?
3
What is the thousands digit of 1858?
1
What is the units digit of 94122?
2
What is the hundreds digit of 550?
5
What is the hundreds digit of 2662?
6
What is the thousands digit of 1680?
1
What is the ten thousands digit of 17325?
1
What is the thousands digit of 1261?
1
What is the thousands digit of 1004?
1
What is the thousands digit of 4795?
4
What is the units digit of 149?
9
What is the ten thousands digit of 32127?
3
What is the hundreds digit of 6212?
2
What is the hundreds digit of 1042?
0
What is the ten thousands digit of 26482?
2
What is the hundreds digit of 1242?
2
What is the units digit of 863?
3
What is the units digit of 16053?
3
What is the units digit of 4380?
0
What is the tens digit of 845?
4
What is the hundreds digit of 1423?
4
What is the hundreds digit of 613?
6
What is the tens digit of 564?
6
What is the tens digit of 1144?
4
What is the tens digit of 1210?
1
What is the ten thousands digit of 42987?
4
What is the tens digit of 16368?
6
What is the thousands digit of 1542?
1
What is the units digit of 866?
6
What is the ten thousands digit of 12682?
1
What is the units digit of 509?
9
What is the hundred thousands digit of 191330?
1
What is the ten thousands digit of 42280?
4
What is the hundreds digit of 4834?
8
What is the units digit of 547?
7
What is the units digit of 855?
5
What is the hundreds digit of 8182?
1
What is the tens digit of 5391?
9
What is the hundreds digit of 1810?
8
What is the units digit of 1254?
4
What is the ten thousands digit of 87308?
8
What is the ten thousands digit of 26844?
2
What is the tens digit of 4343?
4
What is the thousands digit of 8977?
8
What is the units digit of 2811?
1
What is the tens digit of 878?
7
What is the units digit of 38281?
1
What is the hundreds digit of 2240?
2
What is the thousands digit of 8182?
8
What is the tens digit of 690?
9
What is the units digit of 6?
6
What is the tens digit of 129?
2
What is the units digit of 18753?
3
What is the units digit of 8182?
2
What is the hundreds digit of 347?
3
What is the tens digit of 2626?
2
What is the tens digit of 22405?
0
What is the units digit of 698?
8
What is the thousands digit of 28695?
8
What is the tens digit of 2059?
5
What is the thousands digit of 41009?
1
What is the hundreds digit of 286?
2
What is the hundreds digit of 23219?
2
What is the thousands digit of 7963?
7
What is the tens digit of 1836?
3
What is the ten thousands digit of 136326?
3
What is the units digit of 5096?
6
Wha